{"id":22698,"date":"2025-06-26T15:14:48","date_gmt":"2025-06-26T13:14:48","guid":{"rendered":"https:\/\/finewinegang.be\/product\/quinta-da-romeira-prova-regia-2023\/"},"modified":"2026-02-23T15:51:06","modified_gmt":"2026-02-23T14:51:06","slug":"quinta-da-romeira-prova-regia-2023","status":"publish","type":"product","link":"https:\/\/finewinegang.be\/fr\/produit\/quinta-da-romeira-prova-regia-2023\/","title":{"rendered":"Quinta da Romeira Prova Regia 2023"},"content":{"rendered":"","protected":false},"excerpt":{"rendered":"","protected":false},"featured_media":22696,"template":"","meta":{"_acf_changed":false,"subtitle":"","day_of_the_week":"Monday","starting_time":0,"location":"ANTWERP","other_location_name":"","other_location_street_number":"","other_location_zip":"","other_location_city":"","other_location_address_itinerary_link":"","other_location_email_to_keep_updated":""},"product_brand":[],"product_cat":[373,597,392],"product_tag":[],"class_list":{"0":"post-22698","1":"product","2":"type-product","3":"status-publish","4":"has-post-thumbnail","6":"product_cat-bouteilles","7":"product_cat-local-friday-2025","8":"product_cat-vin-blanc","10":"first","11":"instock","12":"taxable","13":"shipping-taxable","14":"purchasable","15":"product-type-simple"},"acf":{"jaargang":"2023","volume":75,"alcohol":13,"schenktemperatuur":"6- 8\u00b0C","Producent":[22692],"producent_search":"Quinta da Romeira","cuvee":"Prova Regia","land":"Portugal","regio":"Lisbonne","appellatie":"DOC Bucelas","Kracht":2,"intensiteit":2,"Verouderingspotentieel":1,"smaakprofiel":["Fruitig","Verfrissend","zurig"],"aromas":["Witte Bloemen","Agrum"],"Auteur":"Antoine","quote":"100% Arinto (\u00e9galement connu sous le nom de Pederna) fait de mani\u00e8re simple et rafra\u00eechissante. Probablement l'une de nos meilleures boissons par une chaude journ\u00e9e d'\u00e9t\u00e9 ! \r\n","druif":["Arinto"],"awards":"","bio":false},"_links":{"self":[{"href":"https:\/\/finewinegang.be\/fr\/wp-json\/wp\/v2\/product\/22698","targetHints":{"allow":["GET"]}}],"collection":[{"href":"https:\/\/finewinegang.be\/fr\/wp-json\/wp\/v2\/product"}],"about":[{"href":"https:\/\/finewinegang.be\/fr\/wp-json\/wp\/v2\/types\/product"}],"version-history":[{"count":1,"href":"https:\/\/finewinegang.be\/fr\/wp-json\/wp\/v2\/product\/22698\/revisions"}],"predecessor-version":[{"id":22786,"href":"https:\/\/finewinegang.be\/fr\/wp-json\/wp\/v2\/product\/22698\/revisions\/22786"}],"acf:post":[{"embeddable":true,"href":"https:\/\/finewinegang.be\/fr\/wp-json\/wp\/v2\/producent\/22692"}],"wp:featuredmedia":[{"embeddable":true,"href":"https:\/\/finewinegang.be\/fr\/wp-json\/wp\/v2\/media\/22696"}],"wp:attachment":[{"href":"https:\/\/finewinegang.be\/fr\/wp-json\/wp\/v2\/media?parent=22698"}],"wp:term":[{"taxonomy":"product_brand","embeddable":true,"href":"https:\/\/finewinegang.be\/fr\/wp-json\/wp\/v2\/product_brand?post=22698"},{"taxonomy":"product_cat","embeddable":true,"href":"https:\/\/finewinegang.be\/fr\/wp-json\/wp\/v2\/product_cat?post=22698"},{"taxonomy":"product_tag","embeddable":true,"href":"https:\/\/finewinegang.be\/fr\/wp-json\/wp\/v2\/product_tag?post=22698"}],"curies":[{"name":"wp","href":"https:\/\/api.w.org\/{rel}","templated":true}]}}

100% Arinto (également connu sous le nom de Pederna) fait de manière simple et rafraîchissante. Probablement l'une de nos meilleures boissons par une chaude journée d'été !
