{"id":22294,"date":"2025-05-20T12:42:14","date_gmt":"2025-05-20T10:42:14","guid":{"rendered":"https:\/\/finewinegang.be\/?post_type=product&#038;p=22294"},"modified":"2025-05-20T12:45:32","modified_gmt":"2025-05-20T10:45:32","slug":"raices-ibericas-malvar-2024","status":"publish","type":"product","link":"https:\/\/finewinegang.be\/fr\/produit\/raices-ibericas-malvar-2024\/","title":{"rendered":"Ra\u00edces Ib\u00e9ricas Malvar 2024"},"content":{"rendered":"","protected":false},"excerpt":{"rendered":"<p>Laissez-vous surprendre par les saveurs raffin\u00e9es de Raices Ibericas Malvar, un vin espagnol qui refl\u00e8te l&rsquo;\u00e2me de la r\u00e9gion<\/p>\n","protected":false},"featured_media":13943,"template":"","meta":{"_acf_changed":false,"subtitle":"","day_of_the_week":"Monday","starting_time":0,"location":"ANTWERP","other_location_name":"","other_location_street_number":"","other_location_zip":"","other_location_city":"","other_location_address_itinerary_link":"","other_location_email_to_keep_updated":""},"product_brand":[],"product_cat":[373,392],"product_tag":[611,517],"class_list":{"0":"post-22294","1":"product","2":"type-product","3":"status-publish","4":"has-post-thumbnail","6":"product_cat-bouteilles","7":"product_cat-vin-blanc","8":"product_tag-gold-tasting","9":"product_tag-raices-ibericas-fr","10":"product_shipping_class-flessen-fr","12":"first","13":"instock","14":"taxable","15":"shipping-taxable","16":"purchasable","17":"product-type-simple"},"acf":{"jaargang":"2024","volume":75,"alcohol":12.5,"schenktemperatuur":"9\u00b0C - 11\u00b0C","Producent":[13077],"producent_search":"Ra\u00edces Ib\u00e9ricas","cuvee":"Malvar","land":"Spanje","regio":"Villalero de Salvanes","appellatie":"Vino de Madrid DO","Kracht":4,"intensiteit":4,"Verouderingspotentieel":3,"smaakprofiel":["Rond","Smaakvol","Vlezig"],"aromas":["Gedroogd Fruit","Gele Bloemen","Sinaas"],"Auteur":"Stijn","quote":"Seulement 2.500 ha plant\u00e9s dans le monde. Ce c\u00e9page autochtone a plus d\u2019un tour dans son sac. Un lutteur de sumo en \u00e9quilibre sur un fil. Force et \u00e9l\u00e9gance. Un vin qu\u2019il faut go\u00fbter.    ","druif":["Malvar"],"awards":"","bio":false},"_links":{"self":[{"href":"https:\/\/finewinegang.be\/fr\/wp-json\/wp\/v2\/product\/22294","targetHints":{"allow":["GET"]}}],"collection":[{"href":"https:\/\/finewinegang.be\/fr\/wp-json\/wp\/v2\/product"}],"about":[{"href":"https:\/\/finewinegang.be\/fr\/wp-json\/wp\/v2\/types\/product"}],"version-history":[{"count":2,"href":"https:\/\/finewinegang.be\/fr\/wp-json\/wp\/v2\/product\/22294\/revisions"}],"predecessor-version":[{"id":22298,"href":"https:\/\/finewinegang.be\/fr\/wp-json\/wp\/v2\/product\/22294\/revisions\/22298"}],"acf:post":[{"embeddable":true,"href":"https:\/\/finewinegang.be\/fr\/wp-json\/wp\/v2\/producent\/13077"}],"wp:featuredmedia":[{"embeddable":true,"href":"https:\/\/finewinegang.be\/fr\/wp-json\/wp\/v2\/media\/13943"}],"wp:attachment":[{"href":"https:\/\/finewinegang.be\/fr\/wp-json\/wp\/v2\/media?parent=22294"}],"wp:term":[{"taxonomy":"product_brand","embeddable":true,"href":"https:\/\/finewinegang.be\/fr\/wp-json\/wp\/v2\/product_brand?post=22294"},{"taxonomy":"product_cat","embeddable":true,"href":"https:\/\/finewinegang.be\/fr\/wp-json\/wp\/v2\/product_cat?post=22294"},{"taxonomy":"product_tag","embeddable":true,"href":"https:\/\/finewinegang.be\/fr\/wp-json\/wp\/v2\/product_tag?post=22294"}],"curies":[{"name":"wp","href":"https:\/\/api.w.org\/{rel}","templated":true}]}}

Raíces Ibéricas Malvar 2024

<p>Laissez-vous surprendre par les saveurs raffinées de Raices Ibericas Malvar, un vin espagnol qui reflète l&rsquo;âme de la région</p>

Raíces Ibéricas

Seulement 2.500 ha plantés dans le monde. Ce cépage autochtone a plus d’un tour dans son sac. Un lutteur de sumo en équilibre sur un fil. Force et élégance. Un vin qu’il faut goûter.
