{"id":13955,"date":"2024-05-23T11:08:02","date_gmt":"2024-05-23T09:08:02","guid":{"rendered":"https:\/\/finewinegang.be\/?post_type=product&#038;p=13955"},"modified":"2025-11-20T18:36:40","modified_gmt":"2025-11-20T17:36:40","slug":"miguel-torres-chile-chardonnay-cordillera-reserva-especial-2022","status":"publish","type":"product","link":"https:\/\/finewinegang.be\/fr\/produit\/miguel-torres-chile-chardonnay-cordillera-reserva-especial-2022\/","title":{"rendered":"Miguel Torres Chile Chardonnay Cordillera reserva especial 2022"},"content":{"rendered":"","protected":false},"excerpt":{"rendered":"<p>D\u00e9couvrez la finesse du Miguel Torres Chile Chardonnay Cordillera reserva especial, un vin blanc chilien qui rend hommage \u00e0 la r\u00e9gion ensoleill\u00e9e de Cordillera.<\/p>\n","protected":false},"featured_media":13951,"template":"","meta":{"_acf_changed":false,"subtitle":"","day_of_the_week":"","starting_time":0,"location":"","other_location_name":"","other_location_street_number":"","other_location_zip":"","other_location_city":"","other_location_address_itinerary_link":"","other_location_email_to_keep_updated":""},"product_brand":[],"product_cat":[373,392],"product_tag":[611,615],"class_list":{"0":"post-13955","1":"product","2":"type-product","3":"status-publish","4":"has-post-thumbnail","6":"product_cat-bouteilles","7":"product_cat-vin-blanc","8":"product_tag-gold-tasting","9":"product_tag-riedel-wine-glass-experience","10":"product_shipping_class-flessen-fr","12":"first","13":"instock","14":"taxable","15":"shipping-taxable","16":"purchasable","17":"product-type-simple"},"acf":{"jaargang":"2022","volume":75,"alcohol":13.5,"schenktemperatuur":"10\u00b0C - 12\u00b0C","Producent":[13101],"producent_search":"Miguel Torres Chile","cuvee":"Chardonnay Cordillera reserva especial","land":"Chili","regio":"Valle de Limari","appellatie":"","Kracht":3,"intensiteit":3,"Verouderingspotentieel":3,"smaakprofiel":["Aangenaam","Exotisch","Fruitig"],"aromas":["Abrikoos","Hazelnoot","Honing"],"Auteur":"Antoine","quote":"Des ar\u00f4mes de fruits m\u00fbrs, voire exotiques, une note d'\u00e9levage bois\u00e9 parfaitement ma\u00eetris\u00e9, et pour compenser le soleil, on retrouve la fra\u00eecheur apport\u00e9e par l'Oc\u00e9an Pacifique. Ce vin est un voyage en lui-m\u00eame. ","druif":["Chardonnay"],"awards":"","bio":false},"_links":{"self":[{"href":"https:\/\/finewinegang.be\/fr\/wp-json\/wp\/v2\/product\/13955","targetHints":{"allow":["GET"]}}],"collection":[{"href":"https:\/\/finewinegang.be\/fr\/wp-json\/wp\/v2\/product"}],"about":[{"href":"https:\/\/finewinegang.be\/fr\/wp-json\/wp\/v2\/types\/product"}],"version-history":[{"count":3,"href":"https:\/\/finewinegang.be\/fr\/wp-json\/wp\/v2\/product\/13955\/revisions"}],"predecessor-version":[{"id":15486,"href":"https:\/\/finewinegang.be\/fr\/wp-json\/wp\/v2\/product\/13955\/revisions\/15486"}],"acf:post":[{"embeddable":true,"href":"https:\/\/finewinegang.be\/fr\/wp-json\/wp\/v2\/producent\/13101"}],"wp:featuredmedia":[{"embeddable":true,"href":"https:\/\/finewinegang.be\/fr\/wp-json\/wp\/v2\/media\/13951"}],"wp:attachment":[{"href":"https:\/\/finewinegang.be\/fr\/wp-json\/wp\/v2\/media?parent=13955"}],"wp:term":[{"taxonomy":"product_brand","embeddable":true,"href":"https:\/\/finewinegang.be\/fr\/wp-json\/wp\/v2\/product_brand?post=13955"},{"taxonomy":"product_cat","embeddable":true,"href":"https:\/\/finewinegang.be\/fr\/wp-json\/wp\/v2\/product_cat?post=13955"},{"taxonomy":"product_tag","embeddable":true,"href":"https:\/\/finewinegang.be\/fr\/wp-json\/wp\/v2\/product_tag?post=13955"}],"curies":[{"name":"wp","href":"https:\/\/api.w.org\/{rel}","templated":true}]}}

<p>Découvrez la finesse du Miguel Torres Chile Chardonnay Cordillera reserva especial, un vin blanc chilien qui rend hommage à la région ensoleillée de Cordillera.</p>

Des arômes de fruits mûrs, voire exotiques, une note d'élevage boisé parfaitement maîtrisé, et pour compenser le soleil, on retrouve la fraîcheur apportée par l'Océan Pacifique. Ce vin est un voyage en lui-même.
