{"id":13924,"date":"2024-05-23T11:08:01","date_gmt":"2024-05-23T09:08:01","guid":{"rendered":"https:\/\/finewinegang.be\/?post_type=product&#038;p=13924"},"modified":"2025-11-17T15:36:27","modified_gmt":"2025-11-17T14:36:27","slug":"lenzmark-wines-new-chapter-2020","status":"publish","type":"product","link":"https:\/\/finewinegang.be\/fr\/produit\/lenzmark-wines-new-chapter-2020\/","title":{"rendered":"Lenzmark wines New Chapter 2020"},"content":{"rendered":"","protected":false},"excerpt":{"rendered":"<p>D\u00e9couvrez une nouvelle dimension de raffinement avec Lenzmark Wines New Chapter, un vin blanc qui enchante les sens par sa complexit\u00e9.<\/p>\n","protected":false},"featured_media":13922,"template":"","meta":{"_acf_changed":false,"subtitle":"","day_of_the_week":"Monday","starting_time":0,"location":"ANTWERP","other_location_name":"","other_location_street_number":"","other_location_zip":"","other_location_city":"","other_location_address_itinerary_link":"","other_location_email_to_keep_updated":""},"product_brand":[],"product_cat":[373,597,392],"product_tag":[574],"class_list":{"0":"post-13924","1":"product","2":"type-product","3":"status-publish","4":"has-post-thumbnail","6":"product_cat-bouteilles","7":"product_cat-local-friday-2025","8":"product_cat-vin-blanc","9":"product_tag-huber-fr","10":"product_shipping_class-flessen-fr","12":"first","13":"instock","14":"taxable","15":"shipping-taxable","16":"purchasable","17":"product-type-simple"},"acf":{"jaargang":"2020","volume":75,"alcohol":13,"schenktemperatuur":"8\u00b0C - 11\u00b0C","Producent":[13089],"producent_search":"Lenzmark wines","cuvee":"New Chapter","land":"Oostenrijk","regio":"Nieder\u00f6sterreich","appellatie":"Nidder\u00f6sterreich","Kracht":3,"intensiteit":3,"Verouderingspotentieel":3,"smaakprofiel":["Bloemig","Rijk","Smaakvol"],"aromas":["Appel","Limoen","Witte Peper"],"Auteur":"Antoine","quote":"Markus et Lenz ont travaill\u00e9 \u00e0 la confection de ce gr\u00fcner de Premi\u00e8re Classe, et mon Dieu ! Quel vin ! On devine son origine autrichienne sans difficult\u00e9 et dans sa globalit\u00e9, quel d\u00e9lice !  ","druif":["Gr\u00fcner Veltliner"],"awards":"","bio":false},"_links":{"self":[{"href":"https:\/\/finewinegang.be\/fr\/wp-json\/wp\/v2\/product\/13924","targetHints":{"allow":["GET"]}}],"collection":[{"href":"https:\/\/finewinegang.be\/fr\/wp-json\/wp\/v2\/product"}],"about":[{"href":"https:\/\/finewinegang.be\/fr\/wp-json\/wp\/v2\/types\/product"}],"version-history":[{"count":1,"href":"https:\/\/finewinegang.be\/fr\/wp-json\/wp\/v2\/product\/13924\/revisions"}],"predecessor-version":[{"id":14468,"href":"https:\/\/finewinegang.be\/fr\/wp-json\/wp\/v2\/product\/13924\/revisions\/14468"}],"acf:post":[{"embeddable":true,"href":"https:\/\/finewinegang.be\/fr\/wp-json\/wp\/v2\/producent\/13089"}],"wp:featuredmedia":[{"embeddable":true,"href":"https:\/\/finewinegang.be\/fr\/wp-json\/wp\/v2\/media\/13922"}],"wp:attachment":[{"href":"https:\/\/finewinegang.be\/fr\/wp-json\/wp\/v2\/media?parent=13924"}],"wp:term":[{"taxonomy":"product_brand","embeddable":true,"href":"https:\/\/finewinegang.be\/fr\/wp-json\/wp\/v2\/product_brand?post=13924"},{"taxonomy":"product_cat","embeddable":true,"href":"https:\/\/finewinegang.be\/fr\/wp-json\/wp\/v2\/product_cat?post=13924"},{"taxonomy":"product_tag","embeddable":true,"href":"https:\/\/finewinegang.be\/fr\/wp-json\/wp\/v2\/product_tag?post=13924"}],"curies":[{"name":"wp","href":"https:\/\/api.w.org\/{rel}","templated":true}]}}

<p>Découvrez une nouvelle dimension de raffinement avec Lenzmark Wines New Chapter, un vin blanc qui enchante les sens par sa complexité.</p>

Niederösterreich

Nidderösterreich

Markus et Lenz ont travaillé à la confection de ce grüner de Première Classe, et mon Dieu ! Quel vin ! On devine son origine autrichienne sans difficulté et dans sa globalité, quel délice !

Grüner Veltliner
